/(1/(-15)) is divided by l?
2
Let z = 4 + -1. What is the remainder when 594/108*(-1 + 3) is divided by z?
2
Let u(n) = 4*n**3 - 4*n**2 - 6. Let z(x) = x**3 - 1. Let p(k) = -u(k) + 3*z(k). Calculate the remainder when 119 is divided by p(2).
9
Let p = 39 + -27. Suppose p + 102 = 6*o. Calculate the remainder when 37 is divided by o.
18
Let k(w) = 2*w**2 + 35*w + 24. Calculate the remainder when 143 is divided by k(-18).
17
Suppose -29*s = -13*s - 624. Suppose r = 5*f - 65, 0 = f + r - 10 - 9. Calculate the remainder when s is divided by (-1 - -2)*-3 + f.
6
Let r(h) = h**2 - 16*h - 884. Calculate the remainder when r(-29) is divided by 43.
34
Suppose 2*v + 2*x - 42 = -0*x, v - 2*x = 12. Suppose v*i = 25*i - 462. Calculate the remainder when i is divided by ((-17)/4)/((-2)/8).
15
What is the remainder when 114 is divided by (-476)/(-126) + 8/36?
2
Suppose 6*c + 18 = -0*c. What is the remainder when (-21)/(4 + 3)*35/c is divided by 14?
7
Suppose c + 517 = 12*c. Calculate the remainder when 52 is divided by c.
5
Let d(a) = -20*a - 17. Let y be d(-7). Let p(v) = 28*v + 20. Let t be p(7). Let j = t - y. Calculate the remainder when j is divided by 19.
17
Suppose 2*g - 3*l = 223, -5*g - 2*l - 107 + 655 = 0. Let o(f) = 8*f - 27. What is the remainder when g is divided by o(8)?
36
Let r = 3 + -3. Suppose -5*q = -r*q + 5. Let h = q - -8. What is the remainder when h is divided by 4?
3
Suppose 0*l + 81 = 3*l. Suppose 12 = 3*q, -192 = s - q - 209. Calculate the remainder when l is divided by s.
6
Suppose 2*c = -c + 96. Let p(r) be the second derivative of r**4/12 + 5*r**3/3 + 11*r**2/2 - 2*r. What is the remainder when c is divided by p(-10)?
10
Let p(u) = 8*u - 36. Calculate the remainder when 18 is divided by p(6).
6
Let b = 597 + -590. What is the remainder when 66 is divided by b?
3
Suppose -h + 29 + 26 = 0. Suppose 0 = -0*q + 5*q - h. Calculate the remainder when 28 is divided by q.
6
Let p(l) = 2*l + 12. Let t(c) = c**2 - 3*c + 18. Let v be t(12). Suppose 0 = 4*j + 20, -5*n - 5*j + 326 = v. Calculate the remainder when n is divided by p(0).
9
Let q = 13 + -9. Let p = 124 + -119. What is the remainder when p is divided by q?
1
Let b = 248 + -234. Let k = 1 - 1. Suppose 6 = 3*f + w - 4, k = -5*f - w + b. Calculate the remainder when 6 is divided by f.
0
Suppose 0 = -2*o + 1 + 3. Suppose 8 = -o*q + 20. Calculate the remainder when 11 is divided by q.
5
Let m = -17 - -40. What is the remainder when (-16)/(7*(-6)/168) is divided by m?
18
What is the remainder when 7 is divided by 9 + (-45)/12 + (-1)/4?
2
Let m(a) = 2*a + 95. Calculate the remainder when 116 is divided by m(-31).
17
Let c(q) = q**3 + 12*q**2 + 10*q - 7. Let x be c(-11). Suppose 88 = x*v - 36. Suppose 2*a - v = -1. What is the remainder when 89 is divided by a?
14
Suppose -33 = 3*p - 240. Suppose -5*h = 269 + 101. Let a = h - -92. What is the remainder when p is divided by a?
15
Suppose -33*m + 85 = -28*m. Suppose 5*t - 814 + 224 = 0. Calculate the remainder when t is divided by m.
16
Suppose -5*w = -10, -h + 0*h - 4*w + 6 = 0. Let o(t) = -t**2 + 18*t - 20. Calculate the remainder when o(11) is divided by 1 + h + 20 + 1.
17
Let d = 80 - 77. Suppose 0 = -d*h - 0*h - 5*v + 51, v = 0. Calculate the remainder when 83 is divided by h.
15
Suppose 16*y - 3889 = -673. What is the remainder when y is divided by 64?
9
Let u(g) = g**3 + 13*g**2 - 19*g + 2. Suppose -32*w + 9*w + 437 = 0. Calculate the remainder when u(-14) is divided by w.
15
Let c = 370 - 335. Calculate the remainder when 99 is divided by c.
29
Let y(q) = 5*q + 1. Let c(v) = -12*v + 69. What is the remainder when c(0) is divided by y(7)?
33
Suppose -4*a + 2*c + 12 = 0, -4*a + 11 = -c - 3. Suppose a*d = d + 42. Calculate the remainder when 51 is divided by d.
9
Suppose 0 = -3*z - 3*s + 69, -3*z + 13 + 24 = -5*s. What is the remainder when 37 is divided by z?
18
What is the remainder when 13/78 + (-3849)/(-18) is divided by 7?
4
Let o(l) = l**2 + 7*l + 6. Let s be o(-10). Suppose -2*r + s = 2*g, 2*g + 24 = 2*r - 12. What is the remainder when 22 is divided by (-6)/r + 25/3?
6
Suppose -8*r = -11*r + u + 223, 0 = -r + 2*u + 81. What is the remainder when r is divided by 25?
23
Let m(k) = 21*k - 8. Calculate the remainder when 1527 is divided by m(2).
31
Let v(y) = -4*y - 4. Suppose 8*k - 56 = k. Calculate the remainder when v(-4) is divided by k.
4
Suppose 3*k = 4*n - 33, 3*n - 2*k - 4 - 22 = 0. What is the remainder when 214 is divided by n?
10
Suppose 0 = 6*f - 3*f - 147. What is the remainder when f is divided by 13?
10
Suppose -2*v + 9 = 69. Let m be (8/6)/(5/v). Let j = -3 - m. What is the remainder when j is divided by 2?
1
Suppose -4*y = -0*y + 280. Let q = -30 - y. What is the remainder when q is divided by 7?
5
Let j(y) = -y**3 - 5*y**2 + 2*y - 1. Suppose l - 2*t = 6*l - 70, -5*l = t - 65. Calculate the remainder when j(-6) is divided by l.
11
Let g = -15 - -21. Let u = 1582 - 1559. What is the remainder when u is divided by g?
5
Suppose -m = -9*m - 16. Let k = 6 + m. Suppose -k*q = -2*q - 40. Calculate the remainder when 57 is divided by q.
17
Let d be (4/(-5))/((-6)/15). Let n = -3 - -3. Suppose -5*m = -y - d*y - 65, m - 3*y - 1 = n. Calculate the remainder when m is divided by 9.
7
Let h be (-2)/((-3 - -1 - -3)/(-1)). Suppose h + 10 = 12*u. Suppose m - 7 = -3*d + 5, 3*d + 4*m - 21 = 0. Calculate the remainder when d is divided by u.
0
Suppose 0 = h + 3*l - 97, 2*h + l - 194 = 0. Suppose 5*q = 33 + h. Calculate the remainder when 103 is divided by q.
25
Suppose -6053 + 2258 = -33*i. Calculate the remainder when 337 is divided by i.
107
Suppose 2 = 5*h - 58. Suppose -h*j + 10*j = -62. Calculate the remainder when 90 is divided by j.
28
Suppose 4*u - m - 330 = -2*m, 0 = -5*u + 4*m + 402. Suppose -4*g + u = -70. What is the remainder when 227 is divided by g?
37
Suppose 1585 - 4166 = -4*g - 5*n, g + 2*n - 649 = 0. Calculate the remainder when g is divided by 64.
63
Suppose 0 = -3*d - d + 328. Suppose b - 58 = -v - 3*b, 4*v - 2*b - 160 = 0. Calculate the remainder when d is divided by v.
40
Let s(z) = -z**3 - 12*z**2 - 11*z + 19. What is the remainder when 20 is divided by s(-11)?
1
Suppose 8 = 8*u - 8. What is the remainder when 132 - (2 + (-6)/u) is divided by 27?
25
Suppose 5*i + 19*i - 4584 = 0. Calculate the remainder when i is divided by 12.
11
Let c(z) = 9*z - 7. Suppose -23*x = -25*x + 30. Calculate the remainder when c(6) is divided by (x/5 - -1) + 8.
11
Suppose u = -4*u + 4*b + 60, -3 = -u - b. Let i(q) = 8*q**2 + 3*q + 19. Let g be i(-4). Let l = g - 120. What is the remainder when l is divided by u?
7
Let v = 573 - 496. Calculate the remainder when 225 is divided by v.
71
Let p(r) = 117*r - 1003. What is the remainder when p(20) is divided by 11?
6
Suppose 6*b = 7*b - 40. What is the remainder when 5 is divided by (3/(-2))/((-20)/b)?
2
Suppose 0 = 2*s - 3*t - 615, s = -2*s + 3*t + 915. What is the remainder when -1 - s/(-5 - -1) is divided by 15?
14
Suppose -62 = 3*i - 176. Let j = -170 - i. What is the remainder when 12/18 - j/3 is divided by 24?
22
What is the remainder when 706/10 + 30/(-525)*-7 is divided by 30?
11
Suppose -o - 2 = -14. Suppose -c - 2*j + 19 = 0, -3*c = -4*c + 5*j - 16. Suppose -a - c = -2*p, 3*a = 4*p - 9 - 4. What is the remainder when o is divided by p?
5
Let p be (1 - -1) + 59 + 0. Let v = p - 34. Suppose -8*s + 7 = -7*s. What is the remainder when v is divided by s?
6
Let m(d) = -5*d**2 - 15*d + 9. What is the remainder when 16 is divided by m(0)?
7
Let c(f) = -19*f + 338. What is the remainder when 163 is divided by c(16)?
27
What is the remainder when 59 is divided by (14/(-8))/((-4)/(-560)*-5)?
10
Let v(c) = -21*c**3 + c - 2. Let m be v(-2). Suppose 3*s - 22 = m. Calculate the remainder when s is divided by 32.
30
Let q(c) = -c - 5. Calculate the remainder when (2/6)/(3*10/1170) is divided by q(-8).
1
Calculate the remainder when 263/2 + 14/28 + -3 is divided by 9.
3
Let p(a) = -5*a**3 + a**2 + 5*a - 2. Let i be p(2). Suppose g + g = 2*c + 56, g - 3*c - 28 = 0. Calculate the remainder when g is divided by -2 + (6 - i)*1/2.
13
Calculate the remainder when 4 - 10 - 7*-38 is divided by 29.
28
Let g = 1018 + -924. Calculate the remainder when g is divided by 53.
41
Suppose 892 + 140 = 8*l. 